{"id":7139,"date":"2023-10-23T18:07:32","date_gmt":"2023-10-23T18:07:32","guid":{"rendered":"https:\/\/megavita.omtactic.de\/?page_id=7139"},"modified":"2023-10-23T18:08:40","modified_gmt":"2023-10-23T18:08:40","slug":"impressum","status":"publish","type":"page","link":"https:\/\/megavita.omtactic.de\/index.php\/impressum\/","title":{"rendered":"Impressum"},"content":{"rendered":"\t\t<div data-elementor-type=\"wp-post\" data-elementor-id=\"7139\" class=\"elementor elementor-7139\" data-elementor-post-type=\"page\">\n\t\t\t\t\t\t<div class=\"elementor-inner\">\n\t\t\t\t<div class=\"elementor-section-wrap\">\n\t\t\t\t\t\t\t\t\t<section data-particle_enable=\"false\" data-particle-mobile-disabled=\"false\" class=\"elementor-section elementor-top-section elementor-element elementor-element-4604f3a2 elementor-section-full_width elementor-section-height-default elementor-section-height-default default-style\" data-id=\"4604f3a2\" data-element_type=\"section\" data-settings=\"{&quot;rt_color_sets&quot;:&quot;default-style&quot;}\">\n\t\t\t\t\t\t<div class=\"elementor-container elementor-column-gap-no\">\n\t\t\t\t\t\t\t<div class=\"elementor-row\">\n\t\t\t\t\t<div class=\"elementor-column elementor-col-100 elementor-top-column elementor-element elementor-element-636bad67\" data-id=\"636bad67\" data-element_type=\"column\">\n\t\t\t<div class=\"elementor-column-wrap elementor-element-populated\">\n\t\t\t\t\t\t\t<div class=\"elementor-widget-wrap\">\n\t\t\t\t\t\t<div class=\"elementor-element elementor-element-4bf0b0a6 elementor-widget elementor-widget-rt-slider\" data-id=\"4bf0b0a6\" data-element_type=\"widget\" data-widget_type=\"rt-slider.default\">\n\t\t\t\t<div class=\"elementor-widget-container\">\n\t\t\t<div id=\"content-slider-468009\" class=\"rt-carousel main-carousel carousel-holder clearfix\" data-thumbnails=\"false\" data-item-width=\"1\" data-mobile-height=\"150\" data-tablet-height=\"300\"  style=\"min-height:750px\" data-nav=\"true\" data-dots=\"false\" data-parallax=\"true\" data-fullheight=\"false\" data-timeout=\"4000\" data-autoplay=\"false\">\n<div class=\"rt-carousel-holder\" style=\"min-height:750px\"><div class=\"owl-carousel\">\n\n\t\t<div class=\"item has-bg-image elementor-repeater-item-020669c alt-style-1\" style=\"background-color: #f2f2f2;min-height: 750px;\" data-color-tone=\"dark\">\n\t\t\t\n\t\t\t\n\t\t\t\t<div class=\"slide-content-wrapper default\" style=\"min-height: 750px;\">\n\t\t\t\t\t<div class=\"slide-content  left text-left\" style=\"width: 40%;\">\n\t\t\t\t\t\t<span class=\"slide_second_heading heading-font\">Lorem ipsum<\/span><h2 class=\"slide_heading\" style=\"font-size:40px;\" data-mobile-value=\"22\"  data-maxfont-size=\"40\" data-minfont-size=\"30\">Impressum<\/h2>\n\t\t\t\t\t\t\n\t\t\t\t\t\t \n\t\t\t\t\t<\/div>\n\t\t\t\t<\/div>\n\t\t\t\n\t\t\t<div class=\"slide-background \" style=\"background-image: url(https:\/\/megavita.omtactic.de\/wp-content\/uploads\/2023\/10\/Datenschutz.jpg);background-repeat: no-repeat;background-size: 100% auto;background-position: 75% center;\" data-bgpos=\"center center\"><\/div>\n\t\t<\/div><\/div><\/div><div class=\"rt-carousel-loading\"><\/div>\n\n<\/div>\n\t\t<\/div>\n\t\t\t\t<\/div>\n\t\t\t\t\t\t<\/div>\n\t\t\t\t\t<\/div>\n\t\t<\/div>\n\t\t\t\t\t\t\t\t<\/div>\n\t\t\t\t\t<\/div>\n\t\t<\/section>\n\t\t<div data-particle_enable=\"false\" data-particle-mobile-disabled=\"false\" class=\"elementor-element elementor-element-73e3bab e-flex e-con-boxed default-style e-con e-parent\" data-id=\"73e3bab\" data-element_type=\"container\" data-settings=\"{&quot;content_width&quot;:&quot;boxed&quot;,&quot;rt_color_sets&quot;:&quot;default-style&quot;}\" data-core-v316-plus=\"true\">\n\t\t\t\t\t<div class=\"e-con-inner\">\n\t\t\t\t<div class=\"elementor-element elementor-element-de3c544 elementor-widget elementor-widget-text-editor\" data-id=\"de3c544\" data-element_type=\"widget\" data-widget_type=\"text-editor.default\">\n\t\t\t\t<div class=\"elementor-widget-container\">\n\t\t\t<style>\/*! elementor - v3.16.0 - 17-10-2023 *\/\n.elementor-widget-text-editor.elementor-drop-cap-view-stacked .elementor-drop-cap{background-color:#69727d;color:#fff}.elementor-widget-text-editor.elementor-drop-cap-view-framed .elementor-drop-cap{color:#69727d;border:3px solid;background-color:transparent}.elementor-widget-text-editor:not(.elementor-drop-cap-view-default) .elementor-drop-cap{margin-top:8px}.elementor-widget-text-editor:not(.elementor-drop-cap-view-default) .elementor-drop-cap-letter{width:1em;height:1em}.elementor-widget-text-editor .elementor-drop-cap{float:left;text-align:center;line-height:1;font-size:50px}.elementor-widget-text-editor .elementor-drop-cap-letter{display:inline-block}<\/style>\t\t\t\t\t<div class=\"elementor-text-editor elementor-clearfix\">\n\t\t\t\t<p><!-- wp:heading --><\/p>\n<h2>Angaben gem\u00e4\u00df \u00a7 5 TMG<\/h2>\n<p>OM TACTIC UG (haftungsbeschr\u00e4nkt)<br \/>Schellingstrasse 109a<br \/>80798 M\u00fcnchen<\/p>\n<p>Handelsregister: HRB 250678<br \/>Registergericht: M\u00fcnchen<\/p>\n<p><strong>Vertreten durch:<\/strong><br \/>Michael Neumeyer<\/p>\n<h2>Kontakt<\/h2>\n<p>Telefon: 089 \/ 21 52 55 80<br \/>E-Mail: info@omtactic.de<\/p>\n<h2>Umsatzsteuer-ID<\/h2>\n<p>Umsatzsteuer-Identifikationsnummer gem\u00e4\u00df \u00a7 27 a Umsatzsteuergesetz:<br \/>143\/168\/04102<\/p>\n<h2>EU-Streitschlichtung<\/h2>\n<p>Die Europ\u00e4ische Kommission stellt eine Plattform zur Online-Streitbeilegung (OS) bereit:\u00a0<a href=\"https:\/\/ec.europa.eu\/consumers\/odr\/\" target=\"_blank\" rel=\"noopener noreferrer\">https:\/\/ec.europa.eu\/consumers\/odr\/<\/a>.<br \/>Unsere E-Mail-Adresse finden Sie oben im Impressum.<\/p>\n<h2>Verbraucher\u00adstreit\u00adbeilegung\/Universal\u00adschlichtungs\u00adstelle<\/h2>\n<p>Wir sind nicht bereit oder verpflichtet, an Streitbeilegungsverfahren vor einer Verbraucherschlichtungsstelle teilzunehmen.<\/p>\n<p><!-- \/wp:paragraph --><\/p>\t\t\t\t\t<\/div>\n\t\t\t\t\t\t<\/div>\n\t\t\t\t<\/div>\n\t\t\t\t\t<\/div>\n\t\t\t\t<\/div>\n\t\t\t\t\t\t\t\t\t<\/div>\n\t\t\t<\/div>\n\t\t\t\t\t<\/div>\n\t\t","protected":false},"excerpt":{"rendered":"<p>Lorem ipsum Impressum Angaben gem\u00e4\u00df \u00a7 5 TMG OM TACTIC UG (haftungsbeschr\u00e4nkt)Schellingstrasse 109a80798 M\u00fcnchen Handelsregister: HRB 250678Registergericht: M\u00fcnchen Vertreten durch:Michael Neumeyer Kontakt Telefon: 089 \/ 21 52 55 80E-Mail: info@omtactic.de Umsatzsteuer-ID Umsatzsteuer-Identifikationsnummer gem\u00e4\u00df \u00a7 27 a Umsatzsteuergesetz:143\/168\/04102 EU-Streitschlichtung Die Europ\u00e4ische Kommission stellt eine Plattform zur Online-Streitbeilegung (OS) bereit:\u00a0https:\/\/ec.europa.eu\/consumers\/odr\/.Unsere E-Mail-Adresse finden Sie oben im Impressum. Verbraucher\u00adstreit\u00adbeilegung\/Universal\u00adschlichtungs\u00adstelle [&hellip;]<\/p>\n","protected":false},"author":1,"featured_media":0,"parent":0,"menu_order":0,"comment_status":"closed","ping_status":"closed","template":"","meta":{"footnotes":""},"class_list":["post-7139","page","type-page","status-publish","hentry"],"_links":{"self":[{"href":"https:\/\/megavita.omtactic.de\/index.php\/wp-json\/wp\/v2\/pages\/7139","targetHints":{"allow":["GET"]}}],"collection":[{"href":"https:\/\/megavita.omtactic.de\/index.php\/wp-json\/wp\/v2\/pages"}],"about":[{"href":"https:\/\/megavita.omtactic.de\/index.php\/wp-json\/wp\/v2\/types\/page"}],"author":[{"embeddable":true,"href":"https:\/\/megavita.omtactic.de\/index.php\/wp-json\/wp\/v2\/users\/1"}],"replies":[{"embeddable":true,"href":"https:\/\/megavita.omtactic.de\/index.php\/wp-json\/wp\/v2\/comments?post=7139"}],"version-history":[{"count":7,"href":"https:\/\/megavita.omtactic.de\/index.php\/wp-json\/wp\/v2\/pages\/7139\/revisions"}],"predecessor-version":[{"id":7146,"href":"https:\/\/megavita.omtactic.de\/index.php\/wp-json\/wp\/v2\/pages\/7139\/revisions\/7146"}],"wp:attachment":[{"href":"https:\/\/megavita.omtactic.de\/index.php\/wp-json\/wp\/v2\/media?parent=7139"}],"curies":[{"name":"wp","href":"https:\/\/api.w.org\/{rel}","templated":true}]}}